. What is v(w)?
12
Let x(r) = -2*r**2 + r - 2. Let p(v) = -v**2 - 1 - 6*v + 5 - 7. Let y be p(-5). Give x(y).
-8
Let p(u) be the second derivative of u**4/12 - 5*u**3/6 - 23*u**2 + 6*u + 7. Calculate p(9).
-10
Suppose 3*d - 5 + 14 = 0. Let s = 29 + -25. Let v(a) = -s*a + 5 + 0*a - 4*a + 9*a. What is v(d)?
2
Let w be 2/6 - 11/(-3). Let p(j) = 5*j**2 - j + 5*j - 1 - 8*j**2 + 2*j**2. What is p(w)?
-1
Let u(p) = -320*p - 1 + 2*p**2 + 321*p - p**2. Determine u(2).
5
Suppose 3*h - 3*u - 18 = 0, 5*u - 46 = -4*h - 13. Let d(m) = m**3 - 7*m**2 + m - 6. Determine d(h).
1
Let j = 18 + -16. Let m(h) = h**3 - 4*h**2 + 2*h + 2. Let l be m(j). Let d(t) = t. Give d(l).
-2
Suppose -5 = -3*t + u - 2, 5 = 4*t - u. Let v(z) = z**2 - 5*z + 1. What is v(t)?
-5
Let d(v) = -1 - 2*v**2 + 5*v**2 - 2*v**2 - 2*v. Let b be (80/24)/(16/6 + -2). Suppose 0 = -s - s - 2*a + 4, b*s = 3*a + 10. Determine d(s).
-1
Let j(a) be the first derivative of -3 + 1/12*a**4 - 5/2*a**2 + 7*a - 5/6*a**3. Let s(u) be the first derivative of j(u). Determine s(5).
-5
Let o(x) = 69*x**3 + 5*x**2 - 5*x - 7. Let u be o(3). Let t(k) = -3 - 4 - u*k + 1887*k. What is t(9)?
2
Let g be (1 - 1)*4/8. Let c = -4 - g. Let a(k) = -5*k**3 - 4*k**2 - 5*k + 5. Let r(q) = -11*q**3 - 9*q**2 - 10*q + 11. Let t(v) = -13*a(v) + 6*r(v). Give t(c).
13
Suppose 3*o = -h - 1, -13 = -0*h - h + 4*o. Let w(z) = -2*z + 1. What is w(h)?
-9
Let y(t) = -t**3 - 4*t**2 + 6*t - 2. Let p(u) = 2*u**3 + 2*u**2 + 3. Suppose 0 = 6*z + 17 - 5. Let o be p(z). Calculate y(o).
-7
Suppose -7*b = -3*b - 12. Suppose 3*y - r + 10 = 0, 0 = b*y + y - 2*r + 16. Let p(m) = 4*m**3 + 0*m - 5*m**3 - 5*m**2 - m. Give p(y).
-10
Suppose q + 4*d + 16 = 0, -5*d - 24 + 4 = -4*q. Let v(p) = -p**3 - 4*p**2 - p + 1. Let u be v(-4). Let s(h) = -1 + h**2 + 3 + 0*h + q*h - u*h. Calculate s(5).
2
Let r(o) = -12*o + 13. Let w be (8/10*-1)/((-2)/5). Give r(w).
-11
Suppose 22*h - 14*h + 24 = 0. Let t(d) = d**3 + 5*d**2 + 4*d + 3. Determine t(h).
9
Let t(x) = x**2 - 11*x - 4. Suppose -4*f = -7*w + 11*w - 52, 2*f + 3*w = 29. What is t(f)?
-14
Let j(z) = -11*z**2 + 14*z + 48. Let s(a) = -9*a**2 + 11*a + 49. Let f(w) = 4*j(w) - 5*s(w). Determine f(-8).
3
Suppose -4*z - 9 = 3*p, -19 = -4*p + 6*z - z. Let m(i) = 2*i - 3*i - 2 - p + 2*i. Let g = 49 + -55. Determine m(g).
-9
Let a = 41 + -39. Let o(u) = u - 76*u**3 - 2*u**2 + 75*u**3 - 7 - a*u**2 + 1. What is o(-5)?
14
Let q(d) be the third derivative of d**6/40 - d**5/30 + d**3/3 + 83*d**2. What is q(2)?
18
Let y(z) = -3 - 14*z**3 + 4 + 13*z**3 + 3. Let i be y(0). Suppose -i*q + 0*q = 0. Let c(a) = a**3 + a**2 + a - 7. Determine c(q).
-7
Let f(i) be the second derivative of i**4/12 + 3*i**3/2 + 5*i**2 + 94*i. Give f(-9).
10
Let f = 187 + -179. Let k(g) = g - 8. Give k(f).
0
Let o be -3 + (-780)/(-72) + 1/6. Let t(f) = f**2 - 11*f + 4. What is t(o)?
-20
Let t(u) = -10*u**2 - 8*u**2 - 12*u**3 + 2*u - 9*u**2 + 25*u**2 + 9*u**3 - 1. Give t(1).
-4
Suppose 3*x = 2*i - 35 + 17, 5*x = -3*i - 49. Let a(f) = 2*f - 11. Calculate a(x).
-27
Suppose 0 = -4*v - 3*t - 1, 3*t + 7 = 2*v + 2*t. Let n(c) = -c**v - c**2 + 5 + c**2 - 5*c. Determine n(-6).
-1
Let m = 1 + -4. Suppose 2*q + 6 = -4*q. Let h = q + m. Let v(w) = -w**2 - 2*w + 5. Give v(h).
-3
Let k(g) = 6*g + 8*g + 4 - 29*g + 11*g + 3*g. Suppose j - 3 - 2 = 0. Calculate k(j).
-1
Suppose 4*p = 6*p - 48. Suppose 0 + p = -4*l. Let z(g) = -g - 3. Let k(d) = -3*d - 9. Let m(s) = 6*k(s) - 17*z(s). Give m(l).
3
Suppose -5*j + 22 = -4*k + 2, -2*k = 4*j - 42. Suppose 3*f + 4*v = -10 + 34, f = 4*v + j. Let d(r) = -r + 2. What is d(f)?
-6
Let r(g) be the third derivative of g**5/60 - 11*g**4/24 - g**3/3 - 10*g**2. Determine r(8).
-26
Let x(v) = v + 1 - 6 + 3 + 1 + 2*v**2 - 4*v**2. What is x(1)?
-2
Let m(y) = -y**3 + 3*y**2 + 2*y - 3. Let d(l) = -l**2 - 4*l. Let h be d(-4). Let o(b) = 3 + h + 7 - b. Let x be o(8). Determine m(x).
5
Let q(h) = -h - 6. Suppose 0 = 33*x + 2*x + 560. Calculate q(x).
10
Let m(v) = 95 - 43 - v - 53. Calculate m(12).
-13
Let z be 16/9 - 2/(-9). Let s(t) = 1 - 4*t**z + 8*t**2 + 0 - 2 + 2*t. Suppose -5 = -8*j + 3*j. What is s(j)?
5
Let p(t) be the third derivative of t**4/12 + t**3 - 335*t**2. Suppose -3*b + 0 = 12. What is p(b)?
-2
Let t(u) = u + 2*u + u - 2 - 5*u. Let v(q) = q**3 + 5*q**2 - 3*q. Let m be v(0). Determine t(m).
-2
Let t(q) = -34*q + 14. Let g be t(4). Let s = g - -121. Let o(n) = -6*n**2 + 0 + 4 - 3 + 2*n. Give o(s).
-7
Let t = 31 - 30. Let j be 0*(-5 + t + 3). Let z(w) = w**2 + 21. Determine z(j).
21
Let s(y) = y**3 + 7*y**2 - y - 1. Suppose 3*f + 0*f = 3*p - 24, 4*f = -2*p - 26. Determine s(f).
6
Let c(w) be the third derivative of w**4/3 + w**3/6 - 105*w**2. Give c(-4).
-31
Let g(n) = n**3 + 41*n**2 - 45*n - 124. Let p be g(-42). Let o(j) = -2*j**3 - 3*j**2 + 3*j - 1. Determine o(p).
-23
Let s(x) = -x**2 + 15*x - 41. Let a be s(3). Let d(u) = -u**3 - 4*u**2 - 2*u + 5. Give d(a).
40
Let d(j) be the third derivative of 0 - 5*j**2 + 1/6*j**3 - 1/60*j**5 + 1/24*j**4 + 0*j. Suppose 4*z = z. Give d(z).
1
Let a be 2/((6/(-8))/((-27)/24)). Let h(n) = -6*n + 3*n + 2*n + 3*n**2 + n**a + 2 - 2*n**2. Calculate h(-2).
0
Let b(u) = u**3 - 4*u**2 + u + 3. Let x be ((-8)/24)/(3/153). Suppose t = 5*t - z - 78, -3*z = -3*t + 54. Let c = x + t. What is b(c)?
-3
Let n(q) = -q**2 - 4*q. Let x(g) = g - 5. Suppose 3 = f - 4*i - 5, -5*i - 5 = 0. Let p(w) = -2*w + 6. Let l(r) = f*x(r) + 3*p(r). Let z be l(0). Determine n(z).
4
Let q(v) be the first derivative of -20 + 1/3*v**3 + 7*v - 3*v**2. Determine q(5).
2
Let k(i) = i**3 - 6*i**2 - i + 1. Suppose 6*q - 7*q + 4 = 0. Suppose q*s - 22 = 2. Give k(s).
-5
Suppose -2*n = -n - 1. Let f(p) = 0*p + n + 2*p + 5 - 9*p. Determine f(5).
-29
Let t(h) = -h**2 + 13*h - 4. Let s(p) = p - 1. Let m = -2 - 4. Let n(k) = m*s(k) + t(k). Suppose 6 - 101 = -19*c. What is n(c)?
12
Let r(i) be the first derivative of -i**3/3 + 11*i**2/2 - 6*i - 6. Let o be r(10). Let t(j) = -j**3 + 3*j**2 + 3*j - 1. Give t(o).
-5
Let s(p) be the third derivative of -p**6/120 - p**5/15 + p**4/12 + 2*p**3/3 - 19*p**2. Determine s(-5).
19
Let h(j) be the third derivative of -j**5/12 - j**3/6 - 33*j**2 + 4. Let p = 2 - 3. Calculate h(p).
-6
Let x(v) be the first derivative of -v**3/3 + v**2/2 + 3*v - 100. What is x(5)?
-17
Let t be (-3)/((-42)/4) - 88/14. Let h(j) = -j**3 - 5*j**2 + 8*j - 4. What is h(t)?
-16
Let v(g) = 7*g - 2. Let i(y) = -y**2 + 4*y + 14. Let j be i(6). Give v(j).
12
Let z(w) be the second derivative of -w**5/20 + 13*w**4/12 + w**3/6 - 4*w**2 - 112*w. What is z(13)?
5
Let t(g) = 70 + 3*g + 3*g - 5*g**3 - 72 + 3*g**2 - 7*g - g. Calculate t(2).
-34
Let c(i) = i**2 - 1 + 1 + 8 + 9*i. Let h(u) = -6 - 8*u + 8 - 1. Let y be h(1). Determine c(y).
-6
Let q = -1 - -6. Suppose 5*y = -q*a - 0*a + 25, 0 = 4*y + 2*a - 10. Let m(i) = y - 3 + 0*i - 1 - i + 2*i**2. Determine m(3).
11
Let m(x) = -x**2 + 7*x - 6. Let v be (-3)/(-5)*(2 - -3). Let z = -1 + v. Suppose z*d - 5*f - 33 = -0*d, 5*d - 15 = -f. Give m(d).
6
Let o be 6/2 - 0/(-1). Let b(u) be the second derivative of u**7/2520 - u**6/180 + u**4/6 + 2*u. Let w(d) be the third derivative of b(d). Calculate w(o).
-3
Let j(t) be the second derivative of 0 + 5/2*t**2 + 1/3*t**3 + 7*t. Determine j(-5).
-5
Let s(i) = 7*i**2 + 1. Let b(g) = 3*g**2 + 1. Let n(m) = 5*b(m) - 2*s(m). Let k be ((-1)/(-3))/((-13)/(-234)). Suppose -k*d = -3*d. Determine n(d).
3
Suppose -3*t = 22*r - 17*r - 12, -3*t - 3*r = -6. Let p(w) be the third derivative of -w**5/6 + w**2. Determine p(t).
-10
Let g(q) = q**3 + 43*q**2 + 221*q - 45. Let k be g(-37). Let j(i) be the second derivative of i**5/20 + 7*i**4/12 - 5*i**3/3 - 6*i**2 + i. What is j(k)?
4
Let q(v) be the third derivative of v**9/60480 - v**8/2520 + v**7/720 - v**6/80 - 17*v**5/60 + v**2. Let j(k) be the third derivative of q(k). Give j(7).
-9
Let x(u) = -u**3 - 8*u**2 - 7*u - 1. Suppose 3*h + 4*g + 498 = 0, -89 = 3*h - 4*g + 385. Let d = h - -155. Calculate x(d).
-1
Let q(l) = l - 10. Let x(o) = -o + 8. Let u(p) = 4*q(p) + 5*x(p). Let f = -3 + 5. Let t(s) = -s**2 + 4*s - 2. Let v be t(f). Determine u(v).
-2
Let w(x) = -x**3 - 23*x**2 - x - 9. Let a = 668 + -691. Give w(a).
14
Let c = 2 - 0. Let r(p) = 3 + c*p**2 - 5 + 5*p - 9*p. Determine r(4).
14
Suppose -54*t + 53*t + 13